-74*a - 28. What is the units digit of d(b)?
8
Suppose 5*x - 430 = 280. What is the hundreds digit of (x/(-4))/(18/(-72))?
1
Suppose 3*b - 5*r - 22847 = 0, 3*b - 3*r - 24787 = -1930. What is the hundreds digit of b?
6
Let s be 1/4 - 124/(-16). Suppose -d - d - 3*l = -6, -s = -4*l. Let q(i) = -3*i + 32. What is the units digit of q(d)?
2
Let s(r) = 2426*r**2 + 16*r + 73. What is the tens digit of s(-4)?
2
Let n(d) = 333*d**2 - 220*d + 32. What is the ten thousands digit of n(-8)?
2
Suppose 55788 = 3*g - 3*n, 15*n = 5*g + 20*n - 92970. What is the tens digit of g?
9
Suppose 4*a = 2*a + 156. Let c = -2997 - -2956. Let h = a + c. What is the units digit of h?
7
What is the units digit of (2352/(-24))/(1*(-2)/986) + -5?
9
Suppose -2*n + 1405*z - 1408*z + 53562 = 0, 2*z - 4 = 0. What is the thousands digit of n?
6
Let k(r) = -139*r**2 + r + 20085. What is the thousands digit of k(0)?
0
Suppose 23*o - 167768 = -12*o - 43308. What is the thousands digit of o?
3
Let t(p) = 48*p - 66. Let c(n) = 144*n - 196. Let r(w) = 3*c(w) - 8*t(w). What is the hundreds digit of r(7)?
2
Let k = 84 + -142. Let p = 58 + k. Suppose p = v + 62 - 268. What is the units digit of v?
6
Let o(s) = 6*s**3 + 3*s**2 - 2*s + 2. Let f be o(2). What is the tens digit of ((-1)/(-3)*8)/(f/3741)?
7
Suppose 632*x = 644*x - 6768. What is the hundreds digit of x?
5
Suppose w - 685 = 134. Suppose 0 = 6*g - w - 819. What is the tens digit of g?
7
Let q(u) = u**3 + 2*u**2 - u - 206. Let f be q(0). Suppose 0 = -307*a + 298*a - 18. What is the units digit of 3/((-418)/f + a)?
3
Suppose 9 = -3*s - 2*o + 21, 5*s - 5*o - 20 = 0. Let m be 8*(-1)/(-5)*(-20)/s. What is the units digit of (0 - -5)*(1 - m)?
5
Suppose -5*b = 19*b - 270408. What is the tens digit of b?
6
Let o = 36 - 36. Let a be (0 - -41)/(o + 4/4). Suppose 4*h + 4*l - 91 = 57, 0 = -h - 2*l + a. What is the units digit of h?
3
Suppose 4*t - 7*t = -3*y - 867, 543 = -2*y - 5*t. Let w = y - -546. What is the hundreds digit of w?
2
Let w be (-2)/((1/2)/(13 + -14)). What is the tens digit of 64 + ((3 - 3)*1)/w?
6
Let z(y) = y**3 + 4*y**2 + 7*y + 9. Let m be z(-2). Suppose m*q + 6*c - 3009 = 2*c, 3*q - 3024 = c. What is the tens digit of q?
0
Let s = -41 + 46. Suppose -20 = -s*j - 5. Let l(i) = 32*i + 5. What is the tens digit of l(j)?
0
Let p = -377 - 54. What is the hundreds digit of (73/(-73))/(1/p)?
4
Suppose 0 = 99*j + 3*j - 666060. What is the units digit of j?
0
Let m = 52 - 49. Suppose m*c - 50 = -1355. Let z = -215 - c. What is the hundreds digit of z?
2
Suppose -164*z + 165*z = 2*i + 16636, -5*z + 5*i + 83185 = 0. What is the units digit of z?
8
What is the units digit of 0 + -13 + 2041877*40/1240?
4
Suppose -9*p + 245080 + 364652 = 0. What is the units digit of p?
8
Let s(t) be the first derivative of -7*t**4/4 - 8*t**3/3 - 19*t**2/2 - 3*t + 36. What is the units digit of s(-5)?
7
Suppose 5 - 5 = -6*r. Let n(m) = -m**3 + m**2 + 3*m + 6. Let x be n(r). Suppose -x*u - 122 = -8*u. What is the tens digit of u?
6
Suppose 0 = -s - y + 26, -5*s - 14*y + 10*y + 129 = 0. Suppose 0 = 41*x - s*x - 4000. What is the hundreds digit of x?
2
What is the hundreds digit of 7 - (255038/(-7) - 3)?
4
Let b(k) = 15*k**2 + k - 20. Let j be b(-4). What is the tens digit of 3 + (165480/j - (-2)/(-18))?
6
Suppose 4*c = 2*c, -4*v - 468 = 4*c. Suppose 3*j = -4*a + 3*a - 9, 3*j = 3. What is the units digit of 52/a*v/3?
9
Let d(u) = u**3 - 8*u**2 - u + 16. Let q(c) = 8*c - 39. Let b be q(6). What is the tens digit of d(b)?
8
Suppose -8*o = -13*o + m + 84, -28 = -2*o - m. What is the units digit of (15 - o)*(-338)/(-4)*-2?
9
Suppose -3714*a = -3678*a - 84780. What is the thousands digit of a?
2
Let p(v) = 15*v**3 - 7*v**2 + 25*v - 22. Let h(i) = 8*i**3 - 3*i**2 + 12*i - 10. Let s(f) = -5*h(f) + 2*p(f). What is the tens digit of s(-3)?
1
Let k be ((-9)/6)/(21/(-112)). Suppose 4*h + 2*a = 4*a + 976, k = -4*a. What is the tens digit of h?
4
Suppose 4*x + 16 = 2*t, -4*x - 22 = -3*x - 5*t. What is the tens digit of 2*((-281)/x - 6)?
6
Let g = 4378 - 6146. Let f = -1135 - g. What is the hundreds digit of f?
6
Let s(f) = -13*f - 64. Let p(o) = o**2 + 17*o + 34. Let q be p(-15). Suppose -j = q*b + 73, 8*b - 3*b - 5*j + 85 = 0. What is the units digit of s(b)?
0
Let n(u) = u**2 + 8*u - 22. Let i(v) = 2*v - 17. Let p be i(14). What is the hundreds digit of n(p)?
1
Let l = -94 + 89. What is the tens digit of 53 - ((-3 - l) + 4)?
4
What is the tens digit of (1/(-5)*6085)/(2 - 3)?
1
Let v = -2290 - -1008. Let s = 2268 + v. What is the units digit of s?
6
Suppose q = z - 56512, z = -235*q + 237*q + 56509. What is the thousands digit of z?
6
Let v = -5542 + 11638. What is the units digit of v?
6
Suppose c - r = 29, 11 = c + r - 12. Suppose c*g - 36*g = -270. What is the tens digit of g?
2
What is the tens digit of 1/6*-3 + (-230450)/(-20)?
2
Suppose 646 = 2*g - 5*r, 3*g = r + 840 + 103. Let m be 1 - g*(-4 + 3). Suppose 70 = 3*a - m. What is the tens digit of a?
2
Let s(z) = -224*z + 7. Let u be s(-4). Suppose -u = -10*b + 217. Let d = 165 - b. What is the units digit of d?
3
Let y(c) = -29*c + 234. Let o be y(8). What is the hundreds digit of ((-372)/24 + 15)/(o/(-5916))?
4
Suppose -z - 21 = -2*z - 3*n, n = -5*z + 35. Suppose -6*y + 8 = -8*y. What is the hundreds digit of (z/y)/(9/(-822))?
1
Let r(i) = i**2 + 10*i + 4. Let d be r(-11). Suppose 19*x + 56 = 2*o + d*x, 0 = o - 5*x - 25. What is the units digit of (-4)/((-8)/o)*(2 + 8)?
0
Suppose 0 = 8*n - 1393 - 663. Let g = n - 118. What is the hundreds digit of g?
1
Let v = -689 - -700. What is the units digit of (v/(-22))/(2/(-5260))?
5
Suppose 21 = -10*u + 17*u. Suppose -c - 1017 = -u*m - m, 1 = -c. What is the hundreds digit of m?
2
Suppose 1980 = -5*c + 16*c. What is the units digit of 292830/c - (-2)/12?
7
Suppose 5*x + 6196 = 4*o, -o - 4*x + 1570 = -0*x. Suppose 0 = 2*y + 4*y - o. What is the tens digit of y?
5
Suppose 2 + 3 = -5*j, 0 = -3*y - 4*j - 484. Let t = y - -326. What is the units digit of t?
6
Let l = -49 - -44. Let o be 1/l + (-168)/(-40). Suppose 0 = -m + 5*f + 181, 2 = o*f - 6. What is the units digit of m?
1
Suppose -10*y + 35 = -3*y. Suppose -3217 = -3*u - 4*a + 6*a, -y*u + 5361 = -4*a. What is the units digit of u?
3
Let y be 4*4/(-24)*(-75)/5. Suppose -y*g + 318 = -602. What is the units digit of g?
2
What is the tens digit of (4/(180/7677))/((-6)/(-780))?
7
Let n(m) = m**3 + 22*m**2 + 2*m + 43. Let x be n(-22). What is the tens digit of (-9)/18*(x - 513)?
5
Suppose -190*l + 189*l + 33204 = 3*m, 33199 = l + 4*m. What is the hundreds digit of l?
2
Suppose 16*n - 131 + 35 = 0. Suppose -c = -n*c + 890. What is the hundreds digit of c?
1
What is the thousands digit of (10 + -2)/(-4)*-4306?
8
Suppose 8*z + 2*q - 14573 = 5*z, -10*z - 2*q + 48586 = 0. What is the hundreds digit of z?
8
Suppose -141306 + 449956 = -17*f + 67*f. What is the hundreds digit of f?
1
Suppose 3*v + 2*v = 2*p + 105285, -8*v + 168447 = -5*p. What is the hundreds digit of v?
0
Suppose 3*x + 3677 = 5*r, -x - 1324 = -5*r - 115. What is the tens digit of (-51)/(-85) + x/(-10)?
2
Suppose -3*t + 12*t + 9 = 0, 80711 = 5*f + 4*t. What is the hundreds digit of f?
1
Suppose 4*t - 9*l = -11*l + 4948, 0 = 2*t - 5*l - 2450. Suppose -u + t - 443 = 0. What is the tens digit of u?
9
Let s(b) = -775*b - 327. What is the tens digit of s(-6)?
2
Let i = 113149 + -70589. What is the units digit of i?
0
Let j be 3*(123/63 - 2/7). Let r be (0/(-1 + -1))/(j + -2). Suppose -5*k + 46 + 704 = r. What is the tens digit of k?
5
Let q(l) = -l**3 - 13*l**2 - 25*l - 5. Let k be q(-16). Let j = 1693 - k. What is the units digit of j?
0
Let t be (-2)/(-4) - 5649/(-42). Let w = 189 - t. What is the units digit of w?
4
Suppose -7*m + 7608 = -9220. What is the thousands digit of m?
2
Suppose q = 0, 0 = 2*l - 0*q + 5*q - 993 - 35069. What is the units digit of l?
1
Let v(u) = 3*u**3 - 22*u**2 + 22*u + 21. Let r be v(24). Suppose -24*b = -3819 - r. What is the thousands digit of b?
1
Suppose -i + 54207 = 5*h, 38*i = 37*i + 2. What is the hundreds digit of h?
8
Let s(x) = -423*x + 46. What is the tens digit of s(-17)?
3
What is the tens digit of (8/(-21)*-249)/((-1)/((-35)/10))?
3
Suppose -5*l = -0*l + 30. Suppose 3*f + 135 = 3*b, 15*f + 162 = 11*f - 2*b. What is the te